 of 81?
False
Is 19 a factor of 3116?
True
Is 13 a factor of 1092?
True
Does 10 divide 2204?
False
Is 1202 a multiple of 58?
False
Is 4 a factor of 468?
True
Does 27 divide 81?
True
Is 17 a factor of 87720?
True
Is 2512 a multiple of 16?
True
Is 40 a factor of 2489?
False
Is 1541 a multiple of 6?
False
Does 121 divide 40656?
True
Does 10 divide 310?
True
Is 21 a factor of 1265?
False
Is 106 a factor of 424?
True
Is 10149 a multiple of 38?
False
Is 14 a factor of 10934?
True
Is 111440 a multiple of 14?
True
Is 109 a factor of 2762?
False
Does 18 divide 1116?
True
Does 4 divide 656?
True
Does 7 divide 31444?
True
Is 13 a factor of 23543?
True
Does 24 divide 2040?
True
Does 90 divide 2970?
True
Is 29107 a multiple of 11?
False
Is 50 a multiple of 10?
True
Is 6717 even?
False
Is 14322 a multiple of 7?
True
Does 2 divide 87?
False
Is 28 a factor of 25116?
True
Is 746 a multiple of 11?
False
Is 92 a multiple of 46?
True
Does 5 divide 13269?
False
Does 22 divide 8118?
True
Is 21 a factor of 630?
True
Is 730 a multiple of 10?
True
Is 77 a factor of 14188?
False
Is 1443 a multiple of 3?
True
Does 14 divide 46522?
True
Is 10330 a multiple of 24?
False
Is 5155 a multiple of 21?
False
Is 12 a factor of 456?
True
Is 164 a multiple of 2?
True
Is 11 a factor of 77?
True
Is 17 a factor of 299?
False
Is 19 a factor of 5149?
True
Is 2380 a multiple of 34?
True
Is 43 a factor of 1484?
False
Is 5 a factor of 1573?
False
Is 64 a factor of 1344?
True
Is 115128 a multiple of 26?
True
Is 46 a factor of 966?
True
Is 25 a factor of 4176?
False
Is 17 a factor of 969?
True
Does 13 divide 1249?
False
Does 42 divide 16623?
False
Is 8 a factor of 921?
False
Is 2534 a multiple of 7?
True
Is 6 a factor of 612?
True
Is 436 a multiple of 36?
False
Is 8 a factor of 453?
False
Is 69 a factor of 2415?
True
Is 11 a factor of 9394?
True
Does 54 divide 1404?
True
Does 2 divide 71?
False
Is 343 a factor of 73263?
False
Is 1668 a multiple of 16?
False
Is 21 a multiple of 7?
True
Does 30 divide 9619?
False
Is 71 a factor of 355?
True
Does 19 divide 54217?
False
Is 1429 a multiple of 4?
False
Is 266 a multiple of 3?
False
Is 27 a factor of 31266?
True
Is 490 a multiple of 9?
False
Does 93 divide 1471?
False
Is 540 a multiple of 30?
True
Is 1470 a multiple of 105?
True
Is 567 a multiple of 14?
False
Is 182 a multiple of 91?
True
Is 8 a factor of 1128?
True
Is 39 a factor of 14923?
False
Is 1820 a multiple of 70?
True
Is 16009 a multiple of 9?
False
Is 12231 a multiple of 19?
False
Is 27 a factor of 13226?
False
Is 118 a factor of 165?
False
Does 17 divide 325?
False
Does 40 divide 1280?
True
Is 78684 a multiple of 83?
True
Is 18 a factor of 7488?
True
Is 10865 a multiple of 20?
False
Is 121 a multiple of 3?
False
Is 4707 a multiple of 38?
False
Is 9 a factor of 11727?
True
Is 166 a factor of 6806?
True
Is 5586 a multiple of 42?
True
Is 81 a factor of 1215?
True
Does 11 divide 212?
False
Does 28 divide 1057?
False
Is 13 a factor of 332?
False
Is 5989 a multiple of 17?
False
Is 4203 a multiple of 29?
False
Is 1108 a multiple of 27?
False
Is 99 a multiple of 4?
False
Is 23222 a multiple of 34?
True
Is 2414 a multiple of 186?
False
Is 2251 a multiple of 39?
False
Does 16 divide 57120?
True
Is 3873 a multiple of 13?
False
Is 54 a factor of 11471?
False
Does 2 divide 24?
True
Is 48844 a multiple of 11?
False
Is 39072 a multiple of 66?
True
Is 513 a multiple of 19?
True
Does 6 divide 557?
False
Does 15 divide 1470?
True
Is 49176 a multiple of 24?
True
Is 35 a factor of 1947?
False
Does 76 divide 1816?
False
Does 20 divide 911?
False
Does 12 divide 420?
True
Is 9516 a multiple of 12?
True
Does 4 divide 1600?
True
Does 86 divide 2064?
True
Is 63 a factor of 4914?
True
Does 24 divide 144?
True
Is 24 a factor of 648?
True
Is 38 a factor of 9576?
True
Is 18 a factor of 9455?
False
Is 34160 a multiple of 7?
True
Does 16 divide 5115?
False
Is 13552 a multiple of 56?
True
Does 26 divide 520?
True
Does 5 divide 50?
True
Is 8205 a multiple of 21?
False
Is 77 a factor of 3498?
False
Does 22 divide 8404?
True
Is 7137 a multiple of 61?
True
Is 9998 a multiple of 13?
False
Is 2 a factor of 1156?
True
Does 6 divide 804?
True
Is 65 a factor of 12740?
True
Does 9 divide 1251?
True
Is 12 a factor of 684?
True
Does 20 divide 420?
True
Does 43 divide 52271?
False
Does 11 divide 4666?
False
Does 44 divide 660?
True
Does 14 divide 1385?
False
Is 59 a factor of 14145?
False
Is 14586 a multiple of 53?
False
Is 39 a factor of 30811?
False
Is 3165 a multiple of 18?
False
Is 10 a factor of 50?
True
Is 196 a factor of 19746?
False
Does 147 divide 441?
True
Does 4 divide 226?
False
Is 6569 a multiple of 149?
False
Does 103 divide 4712?
False
Is 85 a factor of 139981?
False
Is 8 a factor of 46818?
False
Is 2159 a multiple of 51?
False
Is 150 a multiple of 10?
True
Is 269 a factor of 28240?
False
Is 99 a multiple of 8?
False
Is 46 a factor of 28285?
False
Does 51 divide 1089?
False
Is 51 a factor of 2036?
False
Is 2672 a multiple of 42?
False
Does 12 divide 996?
True
Is 48 a factor of 4243?
False
Does 7 divide 1465?
False
Is 260 a multiple of 13?
True
Is 117 a factor of 6552?
True
Is 1122 a multiple of 17?
True
Does 29 divide 44631?
True
Is 7365 a multiple of 15?
True
Is 6156 a multiple of 27?
True
Is 8 a factor of 10456?
True
Does 3 divide 18?
True
Is 16 a factor of 101289?
False
Is 2706 a multiple of 66?
True
Is 5683 a multiple of 4?
False
Is 48 a factor of 1152?
True
Does 25 divide 106?
False
Is 7022 a multiple of 45?
False
Is 4 a factor of 7149?
False
Is 2 a factor of 201?
False
Is 17840 a multiple of 40?
True
Is 77 a factor of 4235?
True
Does 60 divide 83?
False
Is 19019 a multiple of 77?
True
Is 146 a factor of 41318?
True
Does 24 divide 984?
True
Is 343 a multiple of 28?
False
Is 40011 a multiple of 51?
False
Does 6 divide 314?
False
Is 87 a factor of 1443?
False
Is 13183 a multiple of 93?
False
Does 56 divide 10360?
True
Does 8 divide 696?
True
Does 22 divide 1496?
True
Is 13 a factor of 17304?
False
Is 6084 a multiple of 36?
True
Is 10 a factor of 2012?
False
Is 5 a factor of 1175?
True
Is 70014 a multiple of 14?
True
Is 3025 a multiple of 17?
False
Does 10 divide 2330?
True
Does 12 divide 1531?
False
Is 19 a factor of 26299?
False
Is 240 a multiple of 10?
True
Does 49 divide 433?
False
Is 4264 a multiple of 17?
False
Is 232 a multiple of 16?
False
Does 278 divide 12232?
True
Does 98 divide 17367?
False
Does 13 divide 11495?
False
Is 8190 a multiple of 63?
True
Is 3476 a multiple of 44?
True
Does 14 divide 686?
True
Is 63 a factor of 2524?
False
Is 2864 a multiple of 25?
False
Is 55 a factor of 20592?
False
Is 9129 a multiple of 17?
True
Does 5 divide 1050?
True
Is 8 a factor of 425?
False
Does 12 divide 12994?
False
Is 38998 a multiple of 34?
True
Is 64 a factor of 34553?
False
Is 10 a factor of 338?
False
Does 6 divide 278?
False
Does 76 divide 1822?
False
Does 74 divide 53206?
True
Is 155 a multiple of 31?
True
Does 140 divide 6730?
False
Is 5 a factor of 300?
True
Does 116 divide 3944?
True
Is 609 a multiple of 29?
True
Is 1220 a multiple of 61?
True
Does 82 divide 107?
False
Is 5 a factor of 13264?
False
Does 14 divide 572?
False
Is 4235 a multiple of 35?
True
Does 35 divide 945?
True
Is 2951 a multiple of 13?
True
Is 120 a multiple of 40?
True
Does 12 divide 2892?
True
Is 95 a multiple of 8?
False
Does 34 divide 5271?
False
Is 47 a factor of 459?
False
Does 128 divide 1280?
True
Is 14 a factor of 2791?
False
Is 60 a factor of 6780?
True
Is 27 a factor of 27?
True
Does 285 divide 7413?
False
Is 35 a factor of 455?
True
Is 132 a multiple of 22?
True
Is 206 a factor of 23850?
False
Is 21 a factor of 21?
True
Is 18 a factor of 63?
False
Does 96 divide 54479?
False
Is 8 a factor of 2734?
False
Is 98 a factor of 21390?
False
Is 1810 a multiple of 6?
False
Does 36 divide 8969?
False
Is 4752 a multiple of 44?
True
Does 20 divide 4440?
True
Is 357 a factor of 124950?
True
Does 101 divide 10913?
False
Does 159 divide 18788?
False
Does 28 divide 298?
False
Is 2501 a multiple of 31?
False
Is 10 a factor of 110?
True
Is 1296 a multiple of 27?
True
Is 110 a multiple of 5?
True
Is 47 a factor of 47?
True
Is 13 a factor of 3848?
True
Does 119 divide 3689?
True
Does 7 divide 1550?
False
Does 27 divide 2403?
True
Is 14 a fa